{"id":385,"date":"2025-09-15T14:45:02","date_gmt":"2025-09-15T14:45:02","guid":{"rendered":"https:\/\/cdcsanbernardo.cl\/?page_id=385"},"modified":"2025-09-23T14:53:13","modified_gmt":"2025-09-23T14:53:13","slug":"mision-y-vision","status":"publish","type":"page","link":"https:\/\/cdcsanbernardo.cl\/?page_id=385","title":{"rendered":"Misi\u00f3n y Visi\u00f3n"},"content":{"rendered":"\t\t<div data-elementor-type=\"wp-page\" data-elementor-id=\"385\" class=\"elementor elementor-385\" data-elementor-post-type=\"page\">\n\t\t\t\t<div class=\"elementor-element elementor-element-32b3757f e-con-full elementor-hidden-tablet elementor-hidden-mobile e-flex e-con e-parent\" data-id=\"32b3757f\" data-element_type=\"container\" data-e-type=\"container\" data-settings=\"{&quot;background_background&quot;:&quot;classic&quot;,&quot;jet_parallax_layout_list&quot;:[],&quot;shape_divider_bottom&quot;:&quot;opacity-tilt&quot;}\">\n\t\t\t\t<div class=\"elementor-shape elementor-shape-bottom\" aria-hidden=\"true\" data-negative=\"false\">\n\t\t\t<svg xmlns=\"http:\/\/www.w3.org\/2000\/svg\" viewBox=\"0 0 2600 131.1\" preserveAspectRatio=\"none\">\n\t<path class=\"elementor-shape-fill\" d=\"M0 0L2600 0 2600 69.1 0 0z\"\/>\n\t<path class=\"elementor-shape-fill\" style=\"opacity:0.5\" d=\"M0 0L2600 0 2600 69.1 0 69.1z\"\/>\n\t<path class=\"elementor-shape-fill\" style=\"opacity:0.25\" d=\"M2600 0L0 0 0 130.1 2600 69.1z\"\/>\n<\/svg>\t\t<\/div>\n\t\t\t\t<div class=\"elementor-element elementor-element-45faf8a5 elementor-widget elementor-widget-heading\" data-id=\"45faf8a5\" data-element_type=\"widget\" data-e-type=\"widget\" data-widget_type=\"heading.default\">\n\t\t\t\t\t<h2 class=\"elementor-heading-title elementor-size-default\">Misi\u00f3n y Visi\u00f3n<\/h2>\t\t\t\t<\/div>\n\t\t\t\t<\/div>\n\t\t<div class=\"elementor-element elementor-element-13fe215d elementor-hidden-tablet elementor-hidden-mobile e-flex e-con-boxed e-con e-parent\" data-id=\"13fe215d\" data-element_type=\"container\" data-e-type=\"container\" data-settings=\"{&quot;jet_parallax_layout_list&quot;:[]}\">\n\t\t\t\t\t<div class=\"e-con-inner\">\n\t\t\t\t<div class=\"elementor-element elementor-element-65012e99 elementor-widget elementor-widget-heading\" data-id=\"65012e99\" data-element_type=\"widget\" data-e-type=\"widget\" data-widget_type=\"heading.default\">\n\t\t\t\t\t<h2 class=\"elementor-heading-title elementor-size-default\"><a href=\"https:\/\/rotaryclubsanbernardo.cl\/\">Inicio<\/a><\/h2>\t\t\t\t<\/div>\n\t\t\t\t\t<\/div>\n\t\t\t\t<\/div>\n\t\t<div class=\"elementor-element elementor-element-250330a9 elementor-hidden-desktop elementor-hidden-mobile e-flex e-con-boxed e-con e-parent\" data-id=\"250330a9\" data-element_type=\"container\" data-e-type=\"container\" data-settings=\"{&quot;jet_parallax_layout_list&quot;:[]}\">\n\t\t\t\t\t<div class=\"e-con-inner\">\n\t\t\t\t<div class=\"elementor-element elementor-element-538731d0 elementor-widget elementor-widget-heading\" data-id=\"538731d0\" data-element_type=\"widget\" data-e-type=\"widget\" data-widget_type=\"heading.default\">\n\t\t\t\t\t<h2 class=\"elementor-heading-title elementor-size-default\"><a href=\"https:\/\/rotaryclubsanbernardo.cl\/\">Inicio<\/a><\/h2>\t\t\t\t<\/div>\n\t\t\t\t\t<\/div>\n\t\t\t\t<\/div>\n\t\t<div class=\"elementor-element elementor-element-72e4d919 elementor-hidden-desktop elementor-hidden-tablet e-flex e-con-boxed e-con e-parent\" data-id=\"72e4d919\" data-element_type=\"container\" data-e-type=\"container\" data-settings=\"{&quot;jet_parallax_layout_list&quot;:[]}\">\n\t\t\t\t\t<div class=\"e-con-inner\">\n\t\t\t\t<div class=\"elementor-element elementor-element-399192cb elementor-widget elementor-widget-heading\" data-id=\"399192cb\" data-element_type=\"widget\" data-e-type=\"widget\" data-widget_type=\"heading.default\">\n\t\t\t\t\t<h2 class=\"elementor-heading-title elementor-size-default\"><a href=\"https:\/\/rotaryclubsanbernardo.cl\/\">Inicio<\/a><\/h2>\t\t\t\t<\/div>\n\t\t\t\t\t<\/div>\n\t\t\t\t<\/div>\n\t\t<div class=\"elementor-element elementor-element-232cc9d7 elementor-hidden-tablet elementor-hidden-mobile e-flex e-con-boxed e-con e-parent\" data-id=\"232cc9d7\" data-element_type=\"container\" data-e-type=\"container\" data-settings=\"{&quot;jet_parallax_layout_list&quot;:[]}\">\n\t\t\t\t\t<div class=\"e-con-inner\">\n\t\t<div class=\"elementor-element elementor-element-2af1cd5a e-con-full e-flex e-con e-child\" data-id=\"2af1cd5a\" data-element_type=\"container\" data-e-type=\"container\" data-settings=\"{&quot;jet_parallax_layout_list&quot;:[]}\">\n\t\t\t\t<div class=\"elementor-element elementor-element-488ab4ee elementor-widget elementor-widget-text-editor\" data-id=\"488ab4ee\" data-element_type=\"widget\" data-e-type=\"widget\" data-widget_type=\"text-editor.default\">\n\t\t\t\t\t\t\t\t\t<h2>Qui\u00e9nes Somos<\/h2><p>\u00a0<\/p><p>La C\u00e1mara de Comercio Detallista y Turismo de San Bernardo naci\u00f3 a finales de 1969 con un prop\u00f3sito claro: representar, apoyar y unir a la actividad comercial de nuestra querida ciudad. Hoy, al cumplir 50 a\u00f1os, reafirmamos nuestro compromiso con el desarrollo de San Bernardo y sus habitantes.<\/p><p>Como parte de esta celebraci\u00f3n, hemos impulsado un proyecto hist\u00f3rico: la creaci\u00f3n de un libro que narra el origen y la evoluci\u00f3n del comercio en la comuna, as\u00ed como la trayectoria de nuestra propia instituci\u00f3n. Este trabajo de investigaci\u00f3n es un tributo a quienes, con su esfuerzo y dedicaci\u00f3n, han integrado la actividad comercial al tejido social de la ciudad. Es una forma de rescatar del olvido los negocios emblem\u00e1ticos que marcaron una \u00e9poca y que son parte fundamental de la memoria colectiva de San Bernardo.<\/p><hr \/><p>\u00a0<\/p><h2>Misi\u00f3n<\/h2><p>\u00a0<\/p><p>Nuestra misi\u00f3n es preservar y difundir la rica historia del comercio de San Bernardo, destacando su rol crucial en el progreso y la identidad de la comuna. A trav\u00e9s de este proyecto editorial, buscamos entregar a la comunidad y a las nuevas generaciones un documento que honra el legado de los comerciantes locales, demostrando c\u00f3mo su labor no solo ha provisto servicios esenciales, sino que tambi\u00e9n ha contribuido de manera indispensable al desarrollo social y econ\u00f3mico de la ciudad.<\/p><hr \/><p>\u00a0<\/p><h2>Visi\u00f3n<\/h2><p>\u00a0<\/p><p>Nuestra visi\u00f3n es que el comercio de San Bernardo, su historia y su c\u00e1mara gremial, sean reconocidos como una parte vital e ineludible del patrimonio hist\u00f3rico de la ciudad. Aspiramos a que este libro se convierta en una fuente de consulta permanente y un testimonio de la contribuci\u00f3n del comercio a la identidad y el desarrollo de San Bernardo, asegurando que su memoria perdure en el tiempo.<\/p>\t\t\t\t\t\t\t\t<\/div>\n\t\t\t\t<\/div>\n\t\t\t\t\t<\/div>\n\t\t\t\t<\/div>\n\t\t<div class=\"elementor-element elementor-element-555e116c e-con-full elementor-hidden-desktop elementor-hidden-mobile e-flex e-con e-parent\" data-id=\"555e116c\" data-element_type=\"container\" data-e-type=\"container\" data-settings=\"{&quot;background_background&quot;:&quot;classic&quot;,&quot;jet_parallax_layout_list&quot;:[],&quot;shape_divider_bottom&quot;:&quot;opacity-tilt&quot;}\">\n\t\t\t\t<div class=\"elementor-shape elementor-shape-bottom\" aria-hidden=\"true\" data-negative=\"false\">\n\t\t\t<svg xmlns=\"http:\/\/www.w3.org\/2000\/svg\" viewBox=\"0 0 2600 131.1\" preserveAspectRatio=\"none\">\n\t<path class=\"elementor-shape-fill\" d=\"M0 0L2600 0 2600 69.1 0 0z\"\/>\n\t<path class=\"elementor-shape-fill\" style=\"opacity:0.5\" d=\"M0 0L2600 0 2600 69.1 0 69.1z\"\/>\n\t<path class=\"elementor-shape-fill\" style=\"opacity:0.25\" d=\"M2600 0L0 0 0 130.1 2600 69.1z\"\/>\n<\/svg>\t\t<\/div>\n\t\t\t\t<div class=\"elementor-element elementor-element-4a3eadec elementor-widget elementor-widget-heading\" data-id=\"4a3eadec\" data-element_type=\"widget\" data-e-type=\"widget\" data-widget_type=\"heading.default\">\n\t\t\t\t\t<h2 class=\"elementor-heading-title elementor-size-default\">Misi\u00f3n y Visi\u00f3n<\/h2>\t\t\t\t<\/div>\n\t\t\t\t<\/div>\n\t\t<div class=\"elementor-element elementor-element-6fea4eca elementor-hidden-desktop elementor-hidden-mobile e-flex e-con-boxed e-con e-parent\" data-id=\"6fea4eca\" data-element_type=\"container\" data-e-type=\"container\" data-settings=\"{&quot;jet_parallax_layout_list&quot;:[]}\">\n\t\t\t\t\t<div class=\"e-con-inner\">\n\t\t\t\t\t<\/div>\n\t\t\t\t<\/div>\n\t\t<div class=\"elementor-element elementor-element-32b848d6 elementor-hidden-desktop elementor-hidden-mobile e-flex e-con-boxed e-con e-parent\" data-id=\"32b848d6\" data-element_type=\"container\" data-e-type=\"container\" data-settings=\"{&quot;jet_parallax_layout_list&quot;:[]}\">\n\t\t\t\t\t<div class=\"e-con-inner\">\n\t\t<div class=\"elementor-element elementor-element-214cb1d1 e-con-full e-flex e-con e-child\" data-id=\"214cb1d1\" data-element_type=\"container\" data-e-type=\"container\" data-settings=\"{&quot;jet_parallax_layout_list&quot;:[]}\">\n\t\t\t\t<div class=\"elementor-element elementor-element-cbcf459 elementor-widget elementor-widget-text-editor\" data-id=\"cbcf459\" data-element_type=\"widget\" data-e-type=\"widget\" data-widget_type=\"text-editor.default\">\n\t\t\t\t\t\t\t\t\t<h2>Qui\u00e9nes Somos<\/h2><p>La C\u00e1mara de Comercio Detallista y Turismo de San Bernardo naci\u00f3 a finales de 1969 con un prop\u00f3sito claro: representar, apoyar y unir a la actividad comercial de nuestra querida ciudad. Hoy, al cumplir 50 a\u00f1os, reafirmamos nuestro compromiso con el desarrollo de San Bernardo y sus habitantes.<\/p><p>Como parte de esta celebraci\u00f3n, hemos impulsado un proyecto hist\u00f3rico: la creaci\u00f3n de un libro que narra el origen y la evoluci\u00f3n del comercio en la comuna, as\u00ed como la trayectoria de nuestra propia instituci\u00f3n. Este trabajo de investigaci\u00f3n es un tributo a quienes, con su esfuerzo y dedicaci\u00f3n, han integrado la actividad comercial al tejido social de la ciudad. Es una forma de rescatar del olvido los negocios emblem\u00e1ticos que marcaron una \u00e9poca y que son parte fundamental de la memoria colectiva de San Bernardo.<\/p><hr \/><h2>Misi\u00f3n<\/h2><p>Nuestra misi\u00f3n es preservar y difundir la rica historia del comercio de San Bernardo, destacando su rol crucial en el progreso y la identidad de la comuna. A trav\u00e9s de este proyecto editorial, buscamos entregar a la comunidad y a las nuevas generaciones un documento que honra el legado de los comerciantes locales, demostrando c\u00f3mo su labor no solo ha provisto servicios esenciales, sino que tambi\u00e9n ha contribuido de manera indispensable al desarrollo social y econ\u00f3mico de la ciudad.<\/p><hr \/><h2>Visi\u00f3n<\/h2><p>Nuestra visi\u00f3n es que el comercio de San Bernardo, su historia y su c\u00e1mara gremial, sean reconocidos como una parte vital e ineludible del patrimonio hist\u00f3rico de la ciudad. Aspiramos a que este libro se convierta en una fuente de consulta permanente y un testimonio de la contribuci\u00f3n del comercio a la identidad y el desarrollo de San Bernardo, asegurando que su memoria perdure en el tiempo.<\/p>\t\t\t\t\t\t\t\t<\/div>\n\t\t\t\t<\/div>\n\t\t\t\t\t<\/div>\n\t\t\t\t<\/div>\n\t\t<div class=\"elementor-element elementor-element-18d29363 e-con-full elementor-hidden-desktop elementor-hidden-tablet e-flex e-con e-parent\" data-id=\"18d29363\" data-element_type=\"container\" data-e-type=\"container\" data-settings=\"{&quot;background_background&quot;:&quot;classic&quot;,&quot;jet_parallax_layout_list&quot;:[],&quot;shape_divider_bottom&quot;:&quot;opacity-tilt&quot;}\">\n\t\t\t\t<div class=\"elementor-shape elementor-shape-bottom\" aria-hidden=\"true\" data-negative=\"false\">\n\t\t\t<svg xmlns=\"http:\/\/www.w3.org\/2000\/svg\" viewBox=\"0 0 2600 131.1\" preserveAspectRatio=\"none\">\n\t<path class=\"elementor-shape-fill\" d=\"M0 0L2600 0 2600 69.1 0 0z\"\/>\n\t<path class=\"elementor-shape-fill\" style=\"opacity:0.5\" d=\"M0 0L2600 0 2600 69.1 0 69.1z\"\/>\n\t<path class=\"elementor-shape-fill\" style=\"opacity:0.25\" d=\"M2600 0L0 0 0 130.1 2600 69.1z\"\/>\n<\/svg>\t\t<\/div>\n\t\t\t\t<div class=\"elementor-element elementor-element-90b8a elementor-widget elementor-widget-heading\" data-id=\"90b8a\" data-element_type=\"widget\" data-e-type=\"widget\" data-widget_type=\"heading.default\">\n\t\t\t\t\t<h2 class=\"elementor-heading-title elementor-size-default\">Misi\u00f3n y Visi\u00f3n<\/h2>\t\t\t\t<\/div>\n\t\t\t\t<\/div>\n\t\t<div class=\"elementor-element elementor-element-75581806 elementor-hidden-desktop elementor-hidden-tablet e-flex e-con-boxed e-con e-parent\" data-id=\"75581806\" data-element_type=\"container\" data-e-type=\"container\" data-settings=\"{&quot;jet_parallax_layout_list&quot;:[]}\">\n\t\t\t\t\t<div class=\"e-con-inner\">\n\t\t<div class=\"elementor-element elementor-element-4ca5a088 e-con-full e-flex e-con e-child\" data-id=\"4ca5a088\" data-element_type=\"container\" data-e-type=\"container\" data-settings=\"{&quot;jet_parallax_layout_list&quot;:[]}\">\n\t\t\t\t<div class=\"elementor-element elementor-element-4b9e57c5 elementor-widget elementor-widget-text-editor\" data-id=\"4b9e57c5\" data-element_type=\"widget\" data-e-type=\"widget\" data-widget_type=\"text-editor.default\">\n\t\t\t\t\t\t\t\t\t<h2>Qui\u00e9nes Somos<\/h2><p>La C\u00e1mara de Comercio Detallista y Turismo de San Bernardo naci\u00f3 a finales de 1969 con un prop\u00f3sito claro: representar, apoyar y unir a la actividad comercial de nuestra querida ciudad. Hoy, al cumplir 50 a\u00f1os, reafirmamos nuestro compromiso con el desarrollo de San Bernardo y sus habitantes.<\/p><p>Como parte de esta celebraci\u00f3n, hemos impulsado un proyecto hist\u00f3rico: la creaci\u00f3n de un libro que narra el origen y la evoluci\u00f3n del comercio en la comuna, as\u00ed como la trayectoria de nuestra propia instituci\u00f3n. Este trabajo de investigaci\u00f3n es un tributo a quienes, con su esfuerzo y dedicaci\u00f3n, han integrado la actividad comercial al tejido social de la ciudad. Es una forma de rescatar del olvido los negocios emblem\u00e1ticos que marcaron una \u00e9poca y que son parte fundamental de la memoria colectiva de San Bernardo.<\/p><hr \/><h2>Misi\u00f3n<\/h2><p>Nuestra misi\u00f3n es preservar y difundir la rica historia del comercio de San Bernardo, destacando su rol crucial en el progreso y la identidad de la comuna. A trav\u00e9s de este proyecto editorial, buscamos entregar a la comunidad y a las nuevas generaciones un documento que honra el legado de los comerciantes locales, demostrando c\u00f3mo su labor no solo ha provisto servicios esenciales, sino que tambi\u00e9n ha contribuido de manera indispensable al desarrollo social y econ\u00f3mico de la ciudad.<\/p><hr \/><h2>Visi\u00f3n<\/h2><p>Nuestra visi\u00f3n es que el comercio de San Bernardo, su historia y su c\u00e1mara gremial, sean reconocidos como una parte vital e ineludible del patrimonio hist\u00f3rico de la ciudad. Aspiramos a que este libro se convierta en una fuente de consulta permanente y un testimonio de la contribuci\u00f3n del comercio a la identidad y el desarrollo de San Bernardo, asegurando que su memoria perdure en el tiempo.<\/p>\t\t\t\t\t\t\t\t<\/div>\n\t\t\t\t<\/div>\n\t\t<div class=\"elementor-element elementor-element-253675a8 e-con-full e-flex e-con e-child\" data-id=\"253675a8\" data-element_type=\"container\" data-e-type=\"container\" data-settings=\"{&quot;jet_parallax_layout_list&quot;:[]}\">\n\t\t\t\t<\/div>\n\t\t\t\t\t<\/div>\n\t\t\t\t<\/div>\n\t\t\t\t<\/div>\n\t\t","protected":false},"excerpt":{"rendered":"<p>Inicio Inicio Inicio Qui\u00e9nes Somos \u00a0 La C\u00e1mara de Comercio Detallista y Turismo de San Bernardo naci\u00f3 a finales de 1969 con un prop\u00f3sito claro: representar, apoyar y unir a la actividad comercial de nuestra querida ciudad. Hoy, al cumplir 50 a\u00f1os, reafirmamos nuestro compromiso con el desarrollo de San Bernardo y sus habitantes. Como [&hellip;]<\/p>\n","protected":false},"author":1,"featured_media":0,"parent":0,"menu_order":0,"comment_status":"closed","ping_status":"closed","template":"","meta":{"footnotes":""},"class_list":["post-385","page","type-page","status-publish","hentry"],"_links":{"self":[{"href":"https:\/\/cdcsanbernardo.cl\/index.php?rest_route=\/wp\/v2\/pages\/385","targetHints":{"allow":["GET"]}}],"collection":[{"href":"https:\/\/cdcsanbernardo.cl\/index.php?rest_route=\/wp\/v2\/pages"}],"about":[{"href":"https:\/\/cdcsanbernardo.cl\/index.php?rest_route=\/wp\/v2\/types\/page"}],"author":[{"embeddable":true,"href":"https:\/\/cdcsanbernardo.cl\/index.php?rest_route=\/wp\/v2\/users\/1"}],"replies":[{"embeddable":true,"href":"https:\/\/cdcsanbernardo.cl\/index.php?rest_route=%2Fwp%2Fv2%2Fcomments&post=385"}],"version-history":[{"count":7,"href":"https:\/\/cdcsanbernardo.cl\/index.php?rest_route=\/wp\/v2\/pages\/385\/revisions"}],"predecessor-version":[{"id":485,"href":"https:\/\/cdcsanbernardo.cl\/index.php?rest_route=\/wp\/v2\/pages\/385\/revisions\/485"}],"wp:attachment":[{"href":"https:\/\/cdcsanbernardo.cl\/index.php?rest_route=%2Fwp%2Fv2%2Fmedia&parent=385"}],"curies":[{"name":"wp","href":"https:\/\/api.w.org\/{rel}","templated":true}]}}